{"id":27,"date":"2020-02-10T13:14:40","date_gmt":"2020-02-10T12:14:40","guid":{"rendered":"http:\/\/ephele.com\/?page_id=27"},"modified":"2024-02-19T11:00:31","modified_gmt":"2024-02-19T10:00:31","slug":"a-propos-de","status":"publish","type":"page","link":"https:\/\/ephele.com\/index.php\/a-propos-de\/","title":{"rendered":"Projets"},"content":{"rendered":"\n<p>Guid\u00e9 par des principes de durabilit\u00e9 et de responsabilit\u00e9 sociale, nous avons identifi\u00e9 des partenaires pour dessiner et fabriquer les lodges dont nous avions envie pour nos propres s\u00e9jours.  Sur chaque domaines, nous r\u00e9f\u00e9ren\u00e7ons les partenaires locaux pour offrir \u00e0 nos clients une exp\u00e9rience extra-ordinaire tourn\u00e9e vers la d\u00e9couverte d&rsquo;un territoire et d&rsquo;un terroir.<\/p>\n\n\n\n<div class=\"wp-block-columns is-layout-flex wp-container-core-columns-is-layout-28f84493 wp-block-columns-is-layout-flex\">\n<div class=\"wp-block-column is-layout-flow wp-block-column-is-layout-flow\">\n<figure class=\"wp-block-image size-large is-resized\"><img decoding=\"async\" data-src=\"http:\/\/ephele.com\/wp-content\/uploads\/2024\/02\/lynx-nuit-3-2-edited-1-1024x576.jpg\" alt=\"\" class=\"wp-image-190 lazyload\" style=\"--smush-placeholder-width: 1024px; --smush-placeholder-aspect-ratio: 1024\/576;width:560px;height:auto\" src=\"data:image\/svg+xml;base64,PHN2ZyB3aWR0aD0iMSIgaGVpZ2h0PSIxIiB4bWxucz0iaHR0cDovL3d3dy53My5vcmcvMjAwMC9zdmciPjwvc3ZnPg==\" \/><\/figure>\n<\/div>\n\n\n\n<div class=\"wp-block-column is-layout-flow wp-block-column-is-layout-flow\">\n<figure class=\"wp-block-image size-large\"><img decoding=\"async\" data-src=\"http:\/\/ephele.com\/wp-content\/uploads\/2024\/02\/X10I2226-edited-1024x576.jpg\" alt=\"\" class=\"wp-image-187 lazyload\" src=\"data:image\/svg+xml;base64,PHN2ZyB3aWR0aD0iMSIgaGVpZ2h0PSIxIiB4bWxucz0iaHR0cDovL3d3dy53My5vcmcvMjAwMC9zdmciPjwvc3ZnPg==\" style=\"--smush-placeholder-width: 1024px; --smush-placeholder-aspect-ratio: 1024\/576;\" \/><\/figure>\n<\/div>\n<\/div>\n\n\n\n<div class=\"wp-block-columns is-layout-flex wp-container-core-columns-is-layout-28f84493 wp-block-columns-is-layout-flex\">\n<div class=\"wp-block-column is-layout-flow wp-block-column-is-layout-flow\">\n<div class=\"wp-block-buttons has-custom-font-size is-content-justification-center is-nowrap is-layout-flex wp-container-core-buttons-is-layout-01b8903c wp-block-buttons-is-layout-flex\" style=\"margin-top:0;margin-bottom:0;font-size:14px\">\n<div class=\"wp-block-button has-custom-width wp-block-button__width-50 is-style-fill\"><a class=\"wp-block-button__link has-background-color has-primary-background-color has-text-color has-background has-link-color wp-element-button\" href=\"https:\/\/bleu-minuit.com\/ecolodges-larche\/\" style=\"border-radius:15px\">Bleu Minuit L&rsquo;Arche<\/a><\/div>\n<\/div>\n<\/div>\n\n\n\n<div class=\"wp-block-column is-layout-flow wp-block-column-is-layout-flow\">\n<div class=\"wp-block-buttons is-content-justification-center is-layout-flex wp-container-core-buttons-is-layout-a89b3969 wp-block-buttons-is-layout-flex\">\n<div class=\"wp-block-button has-custom-width wp-block-button__width-50 has-custom-font-size has-x-small-font-size\"><a class=\"wp-block-button__link has-background-color has-primary-background-color has-text-color has-background has-link-color wp-element-button\" href=\"https:\/\/bleu-minuit.com\/ecolodges-la-source\/\" style=\"border-style:none;border-width:0px;border-radius:15px\">Bleu Minuit La Source<\/a><\/div>\n<\/div>\n<\/div>\n<\/div>\n\n\n\n<p>Apr\u00e8s un an de prospection et de travaux pr\u00e9liminaires, le r\u00e9sultat est \u00e0 la hauteur de nos attentes. Notre premier domaine \u00e0 ouvert fin 2019 \u00e0 Obersteinbach, dans le Parc R\u00e9gional des Vosges du Nord. Le deuxi\u00e8me vient de voir le jour \u00e0 Wolxheim, \u00e0 25 km \u00e0 l&rsquo;ouest de Strasbourg. Et nous continuons \u00e0 identifier des opportunit\u00e9s et \u00e0 d\u00e9velopper avec passion ! Nous pensons \u00eatre en mesure d&rsquo;ouvrir au moins 1 nouveau domaine par an. Vous nous trouverez sur le site <a href=\"https:\/\/bleu-minuit.com\" data-type=\"link\" data-id=\"https:\/\/bleu-minuit.com\">Bleu Minuit<\/a>, qui vous permettra de r\u00e9server une nuit\u00e9e, pour, nous l&rsquo;esp\u00e9rons, un moment de d\u00e9tente et de re-connexion \u00e0 soi et \u00e0 la nature.<\/p>\n\n\n\n<p>Ah oui, encore un mot !! Nous sommes encore et toujours en recherche de partenaires. Si vous avez du terrain, si vous exploitez un \u00e9tablissement existant, si vous vous souhaitez offrir une exp\u00e9rience inoubliable \u00e0 vos clients, n&rsquo;h\u00e9sitez pas \u00e0 nous <a href=\"https:\/\/bleu-minuit.com\/devenir-partenaire\/\">contacter<\/a>.<\/p>\n","protected":false},"excerpt":{"rendered":"<p>Guid\u00e9 par des principes de durabilit\u00e9 et de responsabilit\u00e9 sociale, nous avons identifi\u00e9 des partenaires pour dessiner et fabriquer les lodges dont nous avions envie pour nos propres s\u00e9jours. Sur chaque domaines, nous r\u00e9f\u00e9ren\u00e7ons les partenaires locaux pour offrir \u00e0 nos clients une exp\u00e9rience extra-ordinaire tourn\u00e9e vers la d\u00e9couverte d&rsquo;un territoire et d&rsquo;un terroir. Apr\u00e8s &hellip; <\/p>\n<p class=\"link-more\"><a href=\"https:\/\/ephele.com\/index.php\/a-propos-de\/\" class=\"more-link\">Lire la suite de<span class=\"screen-reader-text\">\u00ab\u00a0Projets\u00a0\u00bb<\/span><\/a><\/p>\n","protected":false},"author":1,"featured_media":0,"parent":0,"menu_order":0,"comment_status":"closed","ping_status":"closed","template":"","meta":{"footnotes":""},"class_list":["post-27","page","type-page","status-publish","hentry"],"_links":{"self":[{"href":"https:\/\/ephele.com\/index.php\/wp-json\/wp\/v2\/pages\/27","targetHints":{"allow":["GET"]}}],"collection":[{"href":"https:\/\/ephele.com\/index.php\/wp-json\/wp\/v2\/pages"}],"about":[{"href":"https:\/\/ephele.com\/index.php\/wp-json\/wp\/v2\/types\/page"}],"author":[{"embeddable":true,"href":"https:\/\/ephele.com\/index.php\/wp-json\/wp\/v2\/users\/1"}],"replies":[{"embeddable":true,"href":"https:\/\/ephele.com\/index.php\/wp-json\/wp\/v2\/comments?post=27"}],"version-history":[{"count":12,"href":"https:\/\/ephele.com\/index.php\/wp-json\/wp\/v2\/pages\/27\/revisions"}],"predecessor-version":[{"id":151,"href":"https:\/\/ephele.com\/index.php\/wp-json\/wp\/v2\/pages\/27\/revisions\/151"}],"wp:attachment":[{"href":"https:\/\/ephele.com\/index.php\/wp-json\/wp\/v2\/media?parent=27"}],"curies":[{"name":"wp","href":"https:\/\/api.w.org\/{rel}","templated":true}]}}